et s be h(20). Suppose r*v + 3 = 4*u, 5*u = v + 2*v + s. List the prime factors of u.
7
Let h = 1644 + -813. What are the prime factors of h?
3, 277
Let k = -10 + 12. Suppose k*m + 2*m = -16. What are the prime factors of ((-3)/m)/(6/16)?
2
What are the prime factors of (-333)/(-63) + -5 - (-6464)/14?
2, 3, 7, 11
Let i = 423 + -171. Suppose 2*y - i = -3*z - y, 5*z = -y + 400. List the prime factors of z.
79
Let s = -257 - -465. Suppose -8*y + s = -232. List the prime factors of y.
5, 11
Suppose -5*r + 11 = -3*g, 0*r - 2*g = -3*r + 6. Suppose r*k + 5*i = 136, 0 = -3*k + 2*k - i + 35. What are the prime factors of k?
3, 13
Let i = -403 - -228. What are the prime factors of ((-4)/(-5))/(7*(-5)/i)?
2
Let y = -16 + 282. List the prime factors of y.
2, 7, 19
Let g = 500 + -207. What are the prime factors of g?
293
Suppose -5*f + 2*y = -3*y, 3*f + 5*y = 0. Suppose -5*u - 2*b + 781 = f, -3*u - 4*b = b - 461. List the prime factors of u.
157
Suppose 0 = 20*n - 19*n - 705. Suppose 3*h - n = -0*h. What are the prime factors of h?
5, 47
Suppose 2*y = 4*t - 14, -5*y + 3*t = -6*y - 22. List the prime factors of (y - -10)*(-26)/6.
13
What are the prime factors of ((-3282)/15)/(((-60)/175)/6)?
7, 547
Let n(p) = 1. Suppose 0 = 3*b - 1 - 2. Let c(s) = s**2 - s - 1. Let l(t) = b*c(t) + n(t). List the prime factors of l(5).
2, 5
Let y(w) = w**3 + 5*w**2 + 2*w + 591. What are the prime factors of y(0)?
3, 197
Suppose 2*r + 374 = 2*x, 2*x + 187 = 3*x - 2*r. What are the prime factors of x?
11, 17
Let z = 12 - 15. Let p be (-1 + -2)*z - -1. Suppose m + 3 = p. What are the prime factors of m?
7
Let d(i) = i**2 + 4*i - 57. Let m be d(-10). Suppose -n + 2*g = -179, 3*n = 5*n - m*g - 356. List the prime factors of n.
5, 7
Let k be (-3 + 1)*(-5)/5. Suppose -k*v + 26 = 7*b - 3*b, 4*b = 3*v + 41. What are the prime factors of b?
2
Suppose k + q - 338 = 0, 5*k = -3*q + 858 + 840. What are the prime factors of k?
2, 3, 19
Suppose -2*l = 3*g - 259, 0 = 3*l - 73*g + 74*g - 385. List the prime factors of l.
2
Let x be (-7 - -1)/(-3)*1. Suppose 2*g = -x*g + 60. Suppose 0 = k - 6*k + g. List the prime factors of k.
3
Suppose 2*v - 2*m = 75 + 183, 5*m = -15. Suppose -3*o + v = -o. List the prime factors of o.
3, 7
Let u(y) = y**3 + 9*y**2 + 6*y - 4. Let w be u(-8). Suppose -48 - w = -3*c. What are the prime factors of c?
2, 5
Suppose 2*g = -0*g + 10. Let p = 10 - 7. Suppose -5*n = g*t - 115, -9 = -n + p*t + 10. List the prime factors of n.
2, 11
Let p(t) = -6*t - 7. Let w = 3 + -13. What are the prime factors of p(w)?
53
Let l = 450 + 536. List the prime factors of l.
2, 17, 29
Suppose 0*h - 3*h + 27 = 3*b, h + 11 = 4*b. Suppose 0 = -h*g + 84 + 106. What are the prime factors of g?
2, 19
Let b(z) = -46*z - 557. What are the prime factors of b(-61)?
13, 173
Let a(w) = 2*w - 2. Let k be (-12)/3 + 6 - -1. Let z be a(k). Suppose -z*c + 180 = 2*m, 4*c - 147 = 5*m + 19. What are the prime factors of c?
2, 11
Suppose -5*a + 642 + 135 = -h, 0 = a + 3*h - 149. Let g = a + -78. What are the prime factors of g?
7, 11
Suppose -46*p = -41*p - 3165. What are the prime factors of p?
3, 211
What are the prime factors of (-2261)/(-49) + 6/(-42)?
2, 23
What are the prime factors of -2*-2342*9/36?
1171
Suppose -2*a + 7 - 21 = 0. What are the prime factors of (-1764)/56*36/a?
2, 3
Suppose -2*f = 5*l - 2, 3*l + f + 6 = -2*f. Suppose m - g = 41, -m = l*m + 2*g - 128. List the prime factors of m.
2, 3, 7
Let x(a) = -43*a - 16. Let k be x(-11). Suppose -2*n = -343 - k. What are the prime factors of (3*n/12)/2?
2, 5
Suppose 1732 = -6*j + 2*j. What are the prime factors of (3 - j)/4*1/1?
109
Suppose 0 = -7*l + 4*l + 9, -n = -3*l + 14. Let a(t) = -2*t + 6. Let z be a(n). Suppose -3*d = -2*h - z, 20 = 5*d - h - h. List the prime factors of d.
2
Let l be (2 + -2 + 18)*(1 + -20). Let u = -191 - l. What are the prime factors of u?
151
Let v(k) = 53*k**2 + 6*k. Let c be v(2). Let d = -104 + c. List the prime factors of d.
2, 3, 5
Suppose 1740 = 5*v - 5*u, -30*v = -25*v - 4*u - 1741. List the prime factors of v.
349
Suppose 4*x - 37 = 5*u, -2*u = 5*x - 4 - 1. Let c(t) = 6*t - 1. Let p(h) = h**2 - 6*h + 2. Let o(d) = 3*c(d) + 2*p(d). What are the prime factors of o(u)?
3, 7
Let u = -32 - -30. Let k(x) = 14*x**2 + 4*x + 2. What are the prime factors of k(u)?
2, 5
Let c(p) be the first derivative of -p**3/3 - p**2 + 64*p - 18. What are the prime factors of c(0)?
2
Suppose 63*p = -p + 237824. List the prime factors of p.
2, 929
Let v = -3 - -22. Suppose -v = -3*l + 4*y - 3*y, 3*y - 39 = -3*l. List the prime factors of l.
2
Suppose 6 - 2 = -4*t. Let w = 5 + t. Suppose -u = -4*r + 14 - 4, 16 = w*r. What are the prime factors of u?
2, 3
Let h = 63 - 75. Let u(m) = -2*m**2 - 27*m - 15. What are the prime factors of u(h)?
3, 7
Let f = -55 + 360. What are the prime factors of f?
5, 61
Suppose -3907 = 11*c - 15611. List the prime factors of c.
2, 7, 19
Let m = -87 - -418. What are the prime factors of m?
331
List the prime factors of 11 + (-41)/(246/(-17100)).
2861
Let a = -630 - -647. What are the prime factors of a?
17
Let t = -226 - -1226. List the prime factors of t.
2, 5
Let d(b) = b**3 - 5*b**2 + 3*b + 1. Suppose 2*g = -a + 9, 3*g = 8*g + 2*a - 22. Let j be d(g). List the prime factors of (-2)/j + (-140)/(-15).
2, 5
Let j(f) = -2*f**2 + 9*f - 2. Let t be (0 - -2) + (-2 - -6). Let a be j(t). Let q = 31 + a. List the prime factors of q.
11
What are the prime factors of 24/56 + (-8968)/(-14)?
641
Let g be (-32)/48 - (-1141)/(-3). What are the prime factors of g/(-9) + (-4)/12?
2, 3, 7
Let u = 1549 + -35. What are the prime factors of u?
2, 757
Let x be (2/6)/(-2 - 741/(-369)). Let r = -38 + x. List the prime factors of r.
3
Suppose 9*j = 4660 + 4574. List the prime factors of j.
2, 3, 19
Suppose 3*y - 3394 - 368 = 0. Suppose -y = -0*s - 6*s. What are the prime factors of s?
11, 19
Let r be 4/(1 + 19)*235. Suppose -p = -r + 13. Let y = -21 + p. What are the prime factors of y?
13
Let a = -34 + 37. Let k = a - -6. What are the prime factors of k?
3
Suppose -34 + 1086 = 2*o. What are the prime factors of o?
2, 263
Suppose 11*d = 8 - 8. Suppose 5*s + 3*s - 776 = d. List the prime factors of s.
97
What are the prime factors of ((-5870)/15 - 3)*-3?
7, 13
Let j = 0 + -22. Let y = j - -30. Suppose 0 = -c - 0*c + y. What are the prime factors of c?
2
Let h(a) = a**3 - 5*a**2 - 4*a - 1. Let n(u) = 4*u**2 + 2. Let j be n(-1). What are the prime factors of h(j)?
11
Let j be 1/4 + 2505/60. Let y = j + -35. What are the prime factors of y?
7
Let m = -341 + 893. What are the prime factors of m?
2, 3, 23
Suppose 4*b - 5*i - 41 = 0, -i - 12 - 5 = -3*b. Let m be ((-6)/3)/(2/15). Let w = b - m. List the prime factors of w.
19
Let n(g) = 7*g**2 - 8*g. Let j(l) = l + 13. Let x be j(-8). List the prime factors of n(x).
3, 5
Let z(p) = -3*p + 19. Let s be z(9). Let i(x) = -15*x - 15. List the prime factors of i(s).
3, 5, 7
What are the prime factors of (-43056)/(-30) - 2/10?
5, 7, 41
Let k be (4 - 0/(-2)) + -28. Let r = 24 + k. Suppose r = h - 5. List the prime factors of h.
5
Let y = 1160 + -850. What are the prime factors of y?
2, 5, 31
Let u(y) be the first derivative of y**4/2 - 3*y**3 + 3*y**2 + 7*y - 18. What are the prime factors of u(6)?
151
Let d(n) = n**3 - 6*n**2 + 6*n - 11. Let p be d(5). What are the prime factors of (-910)/39*p/4?
5, 7
Let w(q) = 11*q**3 + q + 2. Let r(n) = n**2 + 5*n + 6. Let i be r(-4). Let b be w(i). Suppose j + 3*j - b = 0. What are the prime factors of j?
23
Suppose -4*g = g - c - 7, 0 = 4*g + 4*c - 20. What are the prime factors of 40/((g/3)/((-5)/(-5)))?
2, 3, 5
Suppose 13 = -3*l - 2*t + 66, t = 4. Suppose -a - 14 = -3*j - j, -2*j = -3*a - 12. What are the prime factors of (l/(-20))/(a/64)?
2, 3
Suppose -7*l + 20 = 6. Suppose 0 = -r - 1, 118 = 4*k - l*k + 2*r. List the prime factors of k.
2, 3, 5
Let p = 144 - 98. Let x = p + -37. What are the prime factors of x?
3
Suppose -r - 3*w + 19 = -0*w, 4*r = 2*w + 76. Let p = 23 - r. Suppose -p = u - 3*t, 0 = -3*u + 4*t + 1 - 3. List the prime factors of u.
2
Suppose -13*h + 3*h = -6840. What are the prime factors of h?
2, 3, 19
Let o(z) = -6*z + 5. List the prime factors of o(-11).
71
Let a(g) = 3*g**3 - 110*g**2 - g - 60. What are the prime factors of a(38)